932.
92
What is the greatest common divisor of 512 and 8?
8
What is the greatest common factor of 12 and 444?
12
What is the greatest common factor of 60 and 2190?
30
Calculate the highest common factor of 4 and 956.
4
What is the highest common divisor of 24410 and 10?
10
Calculate the highest common divisor of 670 and 18425.
335
What is the greatest common divisor of 3157 and 35?
7
What is the greatest common divisor of 658 and 21?
7
What is the greatest common factor of 90 and 50?
10
What is the greatest common factor of 1339 and 52?
13
What is the highest common factor of 9 and 657?
9
Calculate the greatest common factor of 41 and 1271.
41
What is the highest common factor of 48 and 1464?
24
Calculate the greatest common factor of 180 and 280.
20
What is the highest common factor of 920 and 20?
20
What is the highest common factor of 2256 and 48?
48
Calculate the highest common divisor of 730 and 30.
10
Calculate the greatest common divisor of 153 and 68.
17
What is the highest common factor of 372 and 1581?
93
What is the highest common factor of 6 and 4038?
6
Calculate the greatest common divisor of 2925 and 675.
225
Calculate the highest common divisor of 893 and 76.
19
What is the greatest common factor of 1520 and 95?
95
What is the greatest common divisor of 91 and 287?
7
What is the highest common divisor of 1570 and 40?
10
Calculate the highest common factor of 115 and 115.
115
Calculate the highest common factor of 10 and 1215.
5
What is the greatest common divisor of 12336 and 48?
48
What is the highest common factor of 603 and 27?
9
What is the highest common factor of 13 and 156?
13
Calculate the greatest common factor of 5020 and 160.
20
What is the greatest common factor of 91 and 65?
13
Calculate the highest common factor of 57 and 1919.
19
Calculate the highest common factor of 36 and 1152.
36
What is the greatest common factor of 384 and 648?
24
Calculate the greatest common divisor of 14175 and 25.
25
What is the greatest common factor of 336 and 96?
48
What is the highest common factor of 19 and 6403?
19
What is the highest common factor of 168 and 18396?
84
Calculate the highest common divisor of 85 and 187.
17
What is the highest common divisor of 159 and 3?
3
Calculate the greatest common factor of 5611 and 217.
31
What is the highest common divisor of 357 and 2091?
51
Calculate the highest common factor of 11 and 22.
11
What is the greatest common factor of 128 and 48?
16
What is the highest common divisor of 4704 and 252?
84
Calculate the greatest common factor of 312 and 39.
39
What is the highest common divisor of 3509 and 725?
29
Calculate the highest common divisor of 1080 and 2592.
216
What is the greatest common factor of 6561 and 135?
27
What is the highest common factor of 12704 and 12?
4
Calculate the highest common factor of 96 and 1312.
32
What is the greatest common divisor of 50 and 350?
50
Calculate the greatest common divisor of 12 and 828.
12
What is the highest common factor of 190 and 304?
38
Calculate the highest common divisor of 172 and 1075.
43
What is the highest common divisor of 32998 and 14?
14
What is the highest common divisor of 3 and 1179?
3
Calculate the highest common divisor of 39 and 18.
3
Calculate the highest common factor of 151 and 38958.
151
What is the highest common divisor of 3 and 303?
3
Calculate the greatest common divisor of 2770 and 110.
10
What is the highest common factor of 3219 and 58?
29
What is the highest common divisor of 141 and 1316?
47
Calculate the greatest common divisor of 377 and 1261.
13
Calculate the highest common factor of 146 and 23141.
73
Calculate the highest common divisor of 2639 and 87.
29
What is the highest common divisor of 30 and 90?
30
What is the greatest common factor of 53 and 3763?
53
Calculate the highest common divisor of 4060 and 140.
140
What is the highest common factor of 6 and 2154?
6
Calculate the highest common factor of 100 and 232.
4
What is the highest common factor of 1683 and 255?
51
What is the greatest common factor of 8 and 72?
8
What is the highest common divisor of 146 and 803?
73
What is the greatest common factor of 276 and 102?
6
What is the greatest common factor of 86 and 301?
43
Calculate the highest common factor of 63 and 28.
7
Calculate the greatest common factor of 2432 and 19.
19
What is the greatest common factor of 7 and 3?
1
Calculate the highest common factor of 1375 and 175.
25
Calculate the greatest common divisor of 517 and 47.
47
Calculate the highest common divisor of 7 and 959.
7
Calculate the highest common factor of 917 and 131.
131
Calculate the greatest common divisor of 44 and 2618.
22
Calculate the highest common factor of 23 and 989.
23
Calculate the highest common divisor of 5844 and 72.
12
What is the greatest common divisor of 77 and 55?
11
Calculate the highest common divisor of 6 and 42.
6
What is the greatest common factor of 30 and 2370?
30
Calculate the highest common factor of 5757 and 19.
19
Calculate the greatest common factor of 392 and 56.
56
Calculate the highest common divisor of 15478 and 109.
109
Calculate the greatest common factor of 8 and 5828.
4
What is the highest common factor of 162 and 1602?
18
Calculate the highest common factor of 172 and 1505.
43
What is the greatest common factor of 65425 and 25?
25
Calculate the highest common factor of 275 and 11.
11
What is the highest common factor of 136 and 6392?
136
What is the highest common factor of 10714 and 22?
22
Calculate the greatest common factor of 529 and 23.
23
Calculate the greatest common divisor of 124 and 2294.
62
What is the greatest common divisor of 323 and 1207?
17
What is the highest common divisor of 10 and 4090?
10
What is the greatest common divisor of 24 and 84?
12
Calculate the greatest common divisor of 254 and 6223.
127
What is the highest common factor of 25500 and 102?
102
What is the greatest common factor of 80 and 64?
16
What is the greatest common divisor of 3149 and 94?
47
What is the highest common divisor of 796 and 1791?
199
Calculate the greatest common factor of 54 and 144.
18
Calculate the greatest common divisor of 450 and 100.
50
Calculate the highest common divisor of 19448 and 11.
11
Calculate the highest common factor of 1528 and 8.
8
Calculate the greatest common factor of 288 and 279.
9
What is the greatest common factor of 8 and 524?
4
Calculate the highest common factor of 28 and 588.
28
Calculate the greatest common factor of 1023 and 132.
33
What is the highest common divisor of 550 and 150?
50
What is the highest common divisor of 5201 and 7?
7
Calculate the greatest common factor of 2257 and 74.
37
Calculate the greatest common factor of 902 and 123.
41
What is the highest common factor of 39 and 26?
13
What is the greatest common factor of 15 and 1075?
5
What is the highest common divisor of 576 and 18?
18
What is the highest common factor of 611 and 65?
13
Calculate the greatest common divisor of 368 and 72.
8
What is the greatest common factor of 143 and 39?
13
Calculate the highest common factor of 1 and 11.
1
Calculate the highest common factor of 3245 and 1180.
295
What is the highest common divisor of 2830 and 90?
10
What is the greatest common factor of 55 and 715?
55
Calculate the highest common factor of 30 and 135.
15
What is the highest common divisor of 1218 and 2494?
58
Calculate the highest common factor of 84 and 224.
28
Calculate the greatest common factor of 630 and 798.
42
What is the highest common divisor of 230 and 1334?
46
Calculate the highest common factor of 250 and 20.
10
Calculate the greatest common divisor of 8773 and 155.
31
Calculate the highest common factor of 186 and 744.
186
What is the highest common factor of 1820 and 5590?
130
Calculate the highest common divisor of 824 and 103.
103
What is the greatest common divisor of 6 and 34?
2
What is the greatest common divisor of 1128 and 24?
24
What is the greatest common divisor of 624 and 528?
48
Calculate the highest common divisor of 2489 and 19.
19
Calculate the greatest common divisor of 1227 and 36.
3
What is the highest common divisor of 18 and 4?
2
Calculate the highest common divisor of 138 and 3956.
46
What is the greatest common factor of 126 and 2212?
14
What is the high